ulate the greatest common divisor of p and y.
1
Let u be ((-1300)/8 + 2)/((-43)/344). Calculate the greatest common factor of u and 108.
12
Suppose -2*w = 2*s - 10, w - 2 = 4*s - 7. Suppose 0*z + s*z = 32. Suppose 48 = 1085*d - 1082*d. What is the greatest common factor of d and z?
16
Let m(x) = 105*x - 48*x - 51*x + 5 + 55*x**2. Let n be m(-2). What is the highest common divisor of n and 284?
71
Let z(q) = 15*q**2 - 399*q - 33. Let f be z(28). Calculate the greatest common divisor of f and 888.
111
Let g(k) = k**3 + 6*k**2 + 26*k + 97. Let s be g(-4). Calculate the greatest common factor of 20 and s.
5
Let k be (-1 + -1)*(-54)/36. Suppose -2 = -k*l + l. Let b = 2 + 5. Calculate the greatest common factor of l and b.
1
Let u = -599 + 229. Let g = 1231 + u. What is the highest common factor of 21 and g?
21
Let r = 186459 + -186319. Let g = -93 - -401. What is the greatest common divisor of r and g?
28
Let j be (-2 - (-1 + -6))/(18837/(-9425) - -2). Calculate the highest common factor of j and 625.
125
Let m be 39/(39/(-140))*(-2)/8. Calculate the highest common factor of 2485 and m.
35
Let q(j) = 2*j**3 - 3*j**2 + 11*j - 30. Let f be q(4). Calculate the highest common factor of 658 and f.
94
Let x be ((-807)/(-21))/((-8)/(-112)). Calculate the greatest common divisor of 2 and x.
2
Let d(r) = -384*r - 2485. Let v be d(-7). What is the highest common factor of 889 and v?
7
Let l(a) = -18*a - 193. Let g be l(16). Let s = 513 + g. What is the highest common factor of 52 and s?
4
Suppose 5*m + w + 2*w = 11363, 9092 = 4*m + 2*w. Suppose -m - 765 = -10*b. What is the greatest common divisor of b and 38?
38
Let y(u) = 7*u**2 + 11*u - 42. Let a be y(-7). What is the greatest common factor of 140 and a?
28
Suppose -5*s - 10*o + 13*o + 200 = 0, -12*s = -o - 480. Calculate the highest common divisor of s and 32040.
40
Suppose -8*r - 6 + 62 = 0. Let c be ((-8)/6)/((-20)/15)*r. Suppose c*n = 5*n + 10. Calculate the highest common factor of 80 and n.
5
Let k(a) = 4*a**2 + 6*a + 1. Let j be k(4). Calculate the highest common factor of j and 2225.
89
Let h be (-2)/(-4)*(-46)/(-1). Let v(b) = 4*b**3 + 11*b - 6. Let t be v(4). Let x = -87 + t. Calculate the greatest common divisor of h and x.
23
Let b = 52 + -16. Suppose 6*x = 2*x + b. Calculate the highest common factor of 4 and x.
1
Let i be 12 - ((-2)/29 - (-2314)/754). What is the highest common divisor of 3609 and i?
9
Let c(r) = 142*r - 398. Let h be c(4). Calculate the greatest common factor of h and 952.
34
Let u(d) = -d + 102. Let x be u(9). What is the highest common divisor of x and 1984?
31
Let b(z) = -z + 15. Let f be b(0). Let m = 1133 + -1013. What is the highest common divisor of m and f?
15
Let y(t) = -t**2 - 32*t - 82. Let v be y(-29). Suppose k = -v*b + 26, -5*b - 112 = 12*k - 14*k. Calculate the highest common divisor of 184 and k.
46
Let p(m) = 40*m**3 + m**2 - m. Let j be -1*(3/(-2) + (-3)/(-6)). Let c be p(j). Calculate the highest common divisor of 400 and c.
40
Let g = 4202 - 1193. Calculate the greatest common divisor of g and 102.
51
Suppose 2*b - 1136 = -b - 4*t, -5*b - 2*t = -1912. Let o(z) = -z**3 - 20*z**2 - 2*z - 16. Let v be o(-20). What is the highest common divisor of v and b?
24
Let q = -19890 - -20373. Calculate the highest common divisor of 759 and q.
69
Let k(w) = -2*w**3 - 27*w**2 - 15*w + 31. Let d be k(-13). Suppose 3*n - 5*n = -4*l - 208, 2*n - 218 = 2*l. Calculate the highest common factor of d and n.
57
Suppose -20 = -3*c - c. Suppose c*d = 6*d - 2. Suppose d*k - 2*x = 4, -2 + 4 = k + 2*x. Calculate the highest common factor of 1 and k.
1
Suppose -117 - 35 = 5*d + 3*q, 0 = d + 3*q + 28. Let f(k) = -8*k**2 + 37*k - 128. Let j be f(3). Let p = d - j. What is the highest common factor of p and 29?
29
Let k = 170 + -154. Suppose k*c = 11*c + 1935. What is the greatest common factor of 43 and c?
43
Let a be ((-114)/95)/(15/(-700)). Let p(m) = 2*m. Let z be p(7). Calculate the greatest common divisor of a and z.
14
Let n = -22117 - -22910. Calculate the greatest common factor of 39 and n.
13
Let n be 7/(-56) + (-34)/(-16). Let f be (20/(-8))/((-1)/n). Suppose f*p + 9 = 6*p. What is the greatest common divisor of 1 and p?
1
Let z = -86 + 88. Suppose 2*p - z*g - 60 = -g, p = 3*g + 30. Let u be p/12*(2 + 42). Calculate the greatest common factor of u and 22.
22
Let h = 807 - 794. Let w(p) = 30*p - 336. Let q be w(h). Calculate the greatest common divisor of 42 and q.
6
Let x = 238 + -233. Let y be (-1)/((-7 + x)/26). Suppose 4*c = 3*r - 304, 2*c + 0*c = -r + 108. What is the highest common factor of y and r?
13
Let m be (2/(-10))/(((-2373)/(-51240))/(-113)). Let x be (-1 - -1) + 4 + 4. Calculate the greatest common divisor of x and m.
8
Let q = -25 - -53. Suppose 0 = -2*z, 0*f + 5*z + 133 = -f + 329. What is the highest common factor of q and f?
28
Suppose 6*x - 109 = -133. Let m be (x/(-5))/1*(279 - 9). Calculate the greatest common factor of m and 54.
54
Let n be 16 + -21 - (-4 - (-5 + 1)). Let c(i) = 0 - 5*i + i**3 - 12*i + 2*i**2 + 2. Let t be c(n). Calculate the highest common divisor of t and 132.
12
Let y(d) = d**2 - 21*d - 331. Let j be y(35). What is the highest common divisor of 20458 and j?
53
Suppose -7691*w + 7674*w + 7038 = 0. What is the highest common divisor of w and 144?
18
Suppose 7*s = 17779 - 10184. Calculate the greatest common divisor of 1240 and s.
155
Let b(g) = 17*g**3 + g**2 - g. Let v be b(2). Let c be (-3 - -5) + -1 - -167. Let u = -76 + c. What is the greatest common factor of u and v?
46
Let z(g) = 86*g - 1262. Let k be z(22). What is the highest common divisor of k and 882?
126
Suppose -3*k + 18 = -5*x, 0 = 2*x - 4 - 2. Suppose -1897*a = -1899*a + 374. Calculate the highest common factor of k and a.
11
Let i be -34*((-3795)/46)/55. Suppose 0 = -5*g + 15, -903 + 75 = -2*j - 4*g. Calculate the highest common divisor of j and i.
51
Suppose 122*q + 116*q = 3*q + 8695. Suppose 3*n - 2100 = 9. What is the greatest common divisor of q and n?
37
Suppose 16713 + 2999 = 7*q. Suppose 11*r - 3*r - q = 0. Suppose 0*f - 4*f = -r. What is the greatest common factor of 11 and f?
11
Suppose -217*m = -172*m - 3915. What is the greatest common factor of 2233 and m?
29
Suppose 3*m = 7*m - 320. Let s be -2 - 2 - (-50 + 11). Let v be 2/((28/s)/4). What is the greatest common divisor of m and v?
10
Let k(q) = -22*q + 43 - 13 + 3*q**3 - 2*q**3 - 29*q**2 + 9*q**2. Let f be k(21). What is the highest common divisor of f and 225?
9
Let i be ((-30)/14)/((-51)/595). Let y be (84/(-8))/(1/(-4)). Let a = y - -8. What is the greatest common divisor of i and a?
25
Suppose -65*z + 1738 = -15*z + 88. What is the highest common factor of z and 48?
3
Let t(r) = -183*r**3 - r**2 - 4*r - 4. Let v be t(-1). What is the highest common divisor of 221 and v?
13
Let w be ((-2635)/10)/(((-119)/42)/17). What is the greatest common divisor of 51 and w?
51
Let c = -858 + 859. What is the highest common divisor of 5 and c?
1
Suppose 47*c = 41*c - 162. Let k(x) = -x**3 - 26*x**2 + 23*x - 51. Let h be k(c). Calculate the greatest common factor of h and 76.
19
Suppose 60*j + 1386 = 67*j. Calculate the greatest common divisor of 1494 and j.
18
Let a be (267 - 219) + (0/(-3) - 3). What is the highest common divisor of 1905 and a?
15
Suppose -20*n - 10*n - 487 = -1567. Calculate the greatest common factor of n and 4776.
12
Suppose -56 = -4*c - 5*q, -7*c + 8*c = 4*q - 7. Suppose 17*x - 518 = c. Calculate the highest common divisor of x and 217.
31
Let c be 43 + (-28)/4 - (0 + 1). Let p be c - (8/52 - 2/13). Calculate the greatest common divisor of p and 21.
7
Suppose -7647290 = -634*g + 2988060. Calculate the greatest common factor of 165 and g.
55
Let a(k) = 3*k**3 + 4*k + 6. Suppose 46 = 2*d + 10. Suppose -4*s + 0*s + d = -2*g, 15 = -5*g. Let x be a(s). Calculate the highest common divisor of x and 11.
11
Suppose -2*c + 2 = 0, -60*g + 44566 = -57*g - 5*c. What is the highest common factor of 179 and g?
179
Let y be (-120)/(-50) - 6/15. Suppose -32 = -2*j + y*h, -2*h + 34 = 4*j - 0*j. What is the greatest common factor of 77 and j?
11
Let t = 111 - -9. Suppose -1651 + 291 = -17*v. Calculate the highest common factor of t and v.
40
Let i = 25 - 23. Suppose 0 = -3*r - i*r + 10. Suppose 15 = m + r*